 6. What is the units digit of (-200)/(-6) - s/(-12)?
4
Let t(z) = -z**2 + 10*z + 3. Let q be t(10). Suppose c = -q*c + 48. What is the units digit of c?
2
Let r = 37 + 17. What is the units digit of (-95)/(-6) + 9/r?
6
Suppose -m + 1 + 2 = 0. What is the units digit of (2 - (m - -1)) + 5?
3
Let u be (1/((-1)/(-20)))/1. Let k(h) = h - 8. Let b be k(12). Suppose u = g + b*g. What is the units digit of g?
4
Let m be 1/1 - 3 - 9. Let v = 19 + m. What is the units digit of v?
8
Let a(i) = 25*i. Let f(r) = 4*r. Let m(d) = -6*a(d) + 39*f(d). Let n be m(1). Suppose -n = -5*u + 14. What is the units digit of u?
4
Let c = 255 + -75. Suppose a + c = -3*a. What is the units digit of (-12)/((a/(-6))/(-5))?
8
Let a = 75 - 50. What is the tens digit of a?
2
Let l(w) = 3*w**2 + 6. What is the tens digit of l(-4)?
5
Let w(t) = 2*t**2 + 5*t + 9. What is the units digit of w(-4)?
1
Let f = -13 - -39. What is the tens digit of f?
2
Let c = -16 + 30. What is the tens digit of c?
1
Let t be (3/2 - 1)*6. Suppose -2*o - t*b + 55 = 0, 5*o + b - 83 = 22. What is the units digit of o?
0
Let m = -1 - -5. Let w = -3 + m. What is the units digit of -1 - (-4 - w - -2)?
2
Suppose -4*y + 4*x = -164, -2*y - 7 = -5*x - 86. What is the units digit of y?
2
Let a be (-1*1)/((-2)/(-2)). Let p be (3 + -1)/(2/4). What is the tens digit of p/6*(14 - a)?
1
What is the units digit of ((-5)/2)/((-2)/4)?
5
Suppose 0 = -3*d + 5*q - 98, 3*d - 3*q = -50 - 52. Let b = -23 - d. What is the units digit of b?
3
Let x(h) = -h**3 - 8*h**2 + 4*h - 3. Let d be x(-8). Let z = -17 - d. What is the units digit of z?
8
Let g = 17 + -10. What is the units digit of g?
7
Let r = -3 + 7. Suppose 5*a - 14 = 6. Suppose -5*f - r*c = -105, a*c = -2*f + 4*f - 14. What is the tens digit of f?
1
Let r(t) = t**2 - 7*t + 5. Let n be (14/3)/((-2)/(-3)). Let o be r(n). Let c = 8 - o. What is the units digit of c?
3
Let d(f) = f**2 - 6*f + 2. Suppose 30 = 5*w - 5*r, -2*r - 1 = -3*w + 17. What is the units digit of d(w)?
2
Let s = 14 - 9. Suppose 0 = r - s*r + 36. What is the units digit of r?
9
Suppose 2*q - 43 = 113. Let p = q + -44. Suppose 0 = -4*t + 82 - p. What is the units digit of t?
2
Let j = 0 - -3. Let d(t) = -t**j + 11*t**3 - t**3 + t. What is the tens digit of d(1)?
1
Let s = 125 + -51. What is the tens digit of s?
7
Let u(x) = 3*x + 8. What is the tens digit of u(8)?
3
Let y be 132/(-30) + 2/5. Suppose -13*r = -9*r + 44. Let p = y - r. What is the units digit of p?
7
Let j(n) = -n + 12. Let u be j(5). Let h(x) = -x + 6. Let g be h(10). Let f = u + g. What is the units digit of f?
3
Let z(i) = -i**3 + 8*i**2 - 6*i - 3. Let w be z(7). Suppose -w*n - u + 2*u + 140 = 0, 3*n + 5*u - 82 = 0. What is the units digit of n?
4
Let g(z) = -182*z - 1. What is the tens digit of g(-1)?
8
Let y = -164 - -519. Suppose y = -5*i + 100. What is the units digit of (-4)/14 + i/(-7)?
7
Suppose -p - l + 5 = 0, 0*p - 4*p - 5 = -l. Suppose 3 = n - p. Suppose -3*u = c - 17, 5 = -4*c + 2*u + n. What is the units digit of c?
2
Let o = -11 - -2. What is the units digit of -2 + 3/(o/(-24))?
6
Let d(t) = 44*t - 5. What is the units digit of d(2)?
3
Let j be 1*(-3)/(-3) + 2. Suppose -q + 16 = j*q. Suppose 1 + 3 = q*y. What is the units digit of y?
1
Let y(x) = x**3 - 7*x**2 + 2. Let n(o) = -2*o - 3. Let c be n(6). Let i = -8 - c. What is the units digit of y(i)?
2
Let q(n) = n - 1. Let g be q(3). Let v be ((-10)/4)/((-1)/2). What is the units digit of 32/5 - g/v?
6
Let b = 69 + 168. Suppose -5*p - 3*y + 257 = 0, 2*p + 3*p - b = 2*y. What is the tens digit of p?
4
Suppose 3 = 2*s - 15. What is the units digit of 6/(-27) + 101/s?
1
Let p be 2*(-1 + 2) - -4. Suppose -r - 6*k + 2*k + p = 0, 0 = 5*r + 2*k - 30. What is the units digit of r?
6
What is the tens digit of (-1)/(5/(-15)*-3) + 312?
1
Let l(c) = -2*c**3 - 5*c**2 - 3*c - 5. What is the units digit of l(-4)?
5
Let j be 0*1*(-2)/(-4). What is the units digit of 5 + 0 + 0 + j?
5
Let c = -3 + 3. Suppose c = 4*r + r - 100. What is the units digit of r?
0
Let y = 16 - -5. What is the tens digit of y?
2
Suppose -5*s + 3 = 3*d, s = -4*s. Let r be d*((-6)/3 + -1). What is the units digit of ((-2)/r)/((-10)/(-45))?
3
Suppose -l + 7*l = 2244. What is the tens digit of l?
7
Let h = -7 + 2. What is the units digit of 1*(1 - h)*1?
6
Suppose 1 = 3*v - 5. Let a(y) = v*y - 2*y + 2*y + 1. What is the units digit of a(3)?
7
Let x = -13 - -27. Suppose 3*r - 3 + 2 = 4*f, f = -4*r + x. Suppose r*h = 5*d - 4*d - 6, 2*d + 4*h - 2 = 0. What is the units digit of d?
3
Suppose 5*a - 66 = -4*q, -3*a + 4*a + 10 = 5*q. Let i(n) = -n**3 + 10*n**2 - n - 13. Let h be i(a). Let p = -9 - h. What is the tens digit of p?
1
Suppose s - 4 = -s. Suppose s*c - 11 = 15. What is the units digit of c?
3
Suppose -20 = 4*x, -h = -6*h + 5*x + 125. What is the units digit of h?
0
Suppose t = -c - 11, -2*c = t + 4*t + 37. Let s(m) = -2*m. What is the tens digit of s(c)?
1
Suppose 5*g - 12 = -2*i + g, -2*i + g + 32 = 0. What is the tens digit of i?
1
Suppose -189 = -9*h + 12*h. What is the units digit of 14/h + 292/18?
6
What is the units digit of 678/5 + (-42)/(-105)?
6
Let b(h) = 5 + 0*h**3 - 4*h**3 + 5*h**3 - 7*h**2. What is the units digit of b(7)?
5
Suppose -2*v = 2*j + 2*v - 4, 5*j + 3*v = 10. Let u(c) = 4*c - 3. Let a be u(j). Let d = 8 - a. What is the units digit of d?
3
Suppose -4*i - 1 = 7. Let n be (-52)/(-6) + i/3. Let g = 16 - n. What is the units digit of g?
8
Suppose m + 4 = -0. What is the units digit of (m*1)/((-4)/14)?
4
Suppose -5*h + 160 = -10*h. Let j = -20 - h. Suppose s = 4*s - j. What is the units digit of s?
4
Let s(j) be the third derivative of -j**5/60 - j**4/8 - j**3/6 - 6*j**2. Suppose 4*w = 2*l, 2*w - 3*l = -7*l - 20. What is the units digit of s(w)?
1
Suppose 2*r - 19 = -7. Suppose -5*j + 46 - r = 0. Suppose -3*h + j = -h. What is the units digit of h?
4
Suppose 0 = 3*a - 6*l + 2*l - 269, 5*l + 86 = a. What is the units digit of a?
1
Let d be 4/6 - (-59)/(-3). Let x be (24 + 2)*(-2)/4. Let l = x - d. What is the units digit of l?
6
Let w be 2/(-4)*0/(-1). Suppose 4*l + 8 = -w*l. What is the units digit of l/1 - -2 - -8?
8
What is the units digit of 28 + 6 + 1*-2?
2
Let g be 5/2 + (-3)/(-6). Suppose j = 4*j + g. What is the units digit of 2/((j + 7)/3)?
1
Let x(r) = -r**2 - 17*r + 11. What is the units digit of x(-16)?
7
Let s(k) = 21*k - 8. What is the hundreds digit of s(15)?
3
Suppose 0 = -2*q + 5*y + 161, -q + 2*q = 5*y + 83. What is the tens digit of q?
7
Suppose 2*c + 2*w - 148 = 0, 0*w + 304 = 4*c + 2*w. What is the tens digit of c?
7
Let b be 23 - -8*(-2)/(-4). Let i = 4 + b. What is the units digit of i?
1
Let k = 10 - 7. Suppose -5*j + k = -2. What is the units digit of j?
1
Suppose 4*l = 164 - 20. What is the units digit of l?
6
Suppose 8*h = 5*h + 51. Suppose -3*p - 37 = 3*z - 7, -5*z - 43 = -2*p. Let i = z + h. What is the units digit of i?
8
What is the units digit of 139 - ((-20)/(-5) + -1)?
6
Let o(b) = -6 + b + 17 - b**2 + 2. What is the units digit of o(0)?
3
Let k(p) = 3*p**2 - 6. What is the units digit of k(3)?
1
Suppose d - 3*d + 12 = 0. Let h be 58/d - (-6)/(-9). Suppose -h - 12 = -3*o. What is the units digit of o?
7
Suppose l = -0*l. Suppose -4*c - 3*r = -81, l*r = 4*c - r - 101. What is the tens digit of c?
2
Let b = 5 - 5. What is the tens digit of 200/(-16)*(b - 2)?
2
Let n(j) = -3*j + 3. Suppose -6*b + 25 = -4*h - b, -4*h - 4*b = 16. What is the tens digit of n(h)?
1
Let i be 2*(-1)/(-3)*-3*-5. Let h = 2 - 3. What is the units digit of 6 + -8 + h + i?
7
Suppose -126 = -m - m. What is the units digit of m?
3
Let t(f) = -27*f - 3. Let m be t(-3). Let g be (-2)/11 - m/(-66). What is the units digit of g*2/(-2) - -8?
7
Suppose 2*l - 4*p - 54 = 0, -2*l - 5*p = -13 - 32. Let u = l + -12. What is the tens digit of u?
1
Let z(l) = -l**3 + 4*l**2 - 4*l + 2. Let u be z(2). Suppose -13 = -u*k - 0*t - 3*t, k - 2*t = 3. What is the units digit of k/((2 - 3) + 2)?
5
Let c(h) = -h**3 - 8*h**2 - 2*h + 26. What is the units digit of c(-10)?
6
Suppose 490 = -4*o + 1370. What is the units digit of o?
0
Suppose 0 = 4*k - 4, 3*u - 5*k = 7*u - 17. Let w be 3 + -1 + -4 - u. What is the units digit of (-2)/(w - -3)*13?
3
Let s = 138 - 91. What is the units digit of s?
7
Suppose -8*u = -3*u -